{"id":307294,"date":"2024-03-30T21:26:34","date_gmt":"2024-03-30T21:26:34","guid":{"rendered":"https:\/\/www.tauxhypotheques.com\/?page_id=307294"},"modified":"2026-04-15T14:22:16","modified_gmt":"2026-04-15T14:22:16","slug":"blogue","status":"publish","type":"page","link":"https:\/\/www.tauxhypotheques.com\/index.php\/blogue\/","title":{"rendered":"Blogue"},"content":{"rendered":"\n[et_pb_section fb_built=\u00a0\u00bb1&Prime; next_background_color=\u00a0\u00bb#ffffff\u00a0\u00bb _builder_version=\u00a0\u00bb4.22.2&Prime; _module_preset=\u00a0\u00bbdefault\u00a0\u00bb background_color=\u00a0\u00bb#0C8EC0&Prime; background_color_gradient_direction=\u00a0\u00bb90deg\u00a0\u00bb background_image=\u00a0\u00bbhttps:\/\/www.tauxhypotheques.com\/wp-content\/uploads\/2024\/03\/Untitled-design-2024-03-21T082313.299.jpg\u00a0\u00bb background_blend=\u00a0\u00bbmultiply\u00a0\u00bb bottom_divider_style=\u00a0\u00bbcurve2&Prime; bottom_divider_height=\u00a0\u00bb72px\u00a0\u00bb global_colors_info=\u00a0\u00bb{}\u00a0\u00bb][et_pb_row _builder_version=\u00a0\u00bb4.16&Prime; _module_preset=\u00a0\u00bbdefault\u00a0\u00bb position_origin_a=\u00a0\u00bbbottom_center\u00a0\u00bb global_colors_info=\u00a0\u00bb{}\u00a0\u00bb][et_pb_column type=\u00a0\u00bb4_4&Prime; _builder_version=\u00a0\u00bb4.16&Prime; _module_preset=\u00a0\u00bbdefault\u00a0\u00bb global_colors_info=\u00a0\u00bb{}\u00a0\u00bb][et_pb_cta title=\u00a0\u00bbconseils hypoth\u00e9caires\u00a0\u00bb button_url=\u00a0\u00bb#dd-newsletter\u00a0\u00bb button_text=\u00a0\u00bbM&rsquo;abonner \u00e0 l&rsquo;infolettre\u00a0\u00bb _builder_version=\u00a0\u00bb4.22.2&Prime; _module_preset=\u00a0\u00bbdefault\u00a0\u00bb header_font=\u00a0\u00bbAsap Condensed|800||on|||||\u00a0\u00bb header_text_color=\u00a0\u00bb#FFFFFF\u00a0\u00bb header_font_size=\u00a0\u00bb70px\u00a0\u00bb header_letter_spacing=\u00a0\u00bb1px\u00a0\u00bb body_font=\u00a0\u00bbOpen Sans||||||||\u00a0\u00bb body_text_color=\u00a0\u00bb#FFFFFF\u00a0\u00bb body_font_size=\u00a0\u00bb17px\u00a0\u00bb body_line_height=\u00a0\u00bb1.4em\u00a0\u00bb custom_button=\u00a0\u00bbon\u00a0\u00bb button_text_color=\u00a0\u00bb#FFFFFF\u00a0\u00bb button_bg_color=\u00a0\u00bb#000000&Prime; button_border_width=\u00a0\u00bb0px\u00a0\u00bb button_font=\u00a0\u00bbAlegreya Sans|700|||||||\u00a0\u00bb button_icon=\u00a0\u00bb&#x45;||divi||400&Prime; background_layout=\u00a0\u00bblight\u00a0\u00bb header_font_size_tablet=\u00a0\u00bb42px\u00a0\u00bb header_font_size_phone=\u00a0\u00bb45px\u00a0\u00bb header_font_size_last_edited=\u00a0\u00bbon|phone\u00a0\u00bb body_font_size_tablet=\u00a0\u00bb\u00a0\u00bb body_font_size_phone=\u00a0\u00bb14px\u00a0\u00bb body_font_size_last_edited=\u00a0\u00bbon|phone\u00a0\u00bb button_text_size_tablet=\u00a0\u00bb\u00a0\u00bb button_text_size_phone=\u00a0\u00bb18px\u00a0\u00bb button_text_size_last_edited=\u00a0\u00bbon|phone\u00a0\u00bb global_colors_info=\u00a0\u00bb{}\u00a0\u00bb background_enable_color=\u00a0\u00bboff\u00a0\u00bb custom_padding=\u00a0\u00bb||0px|||\u00a0\u00bb]<p>Retrouvez des contenus r\u00e9dig\u00e9s par des courtiers hypoth\u00e9caires expert qui vous aident \u00e0 voir clair dans la s\u00e9lection de votre pr\u00eat hypoth\u00e9caires. Nous traiterons de tous les sujets qui s&rsquo;y rattachent comme : DONNER DES EXEMPLES.<\/p>\n<p><strong>Vous \u00eates un acheteur agu\u00e9rri et ne souhaitez rien manquer?<\/strong><\/p>[\/et_pb_cta][\/et_pb_column][\/et_pb_row][\/et_pb_section][et_pb_section fb_built=\u00a0\u00bb1&Prime; _builder_version=\u00a0\u00bb4.16&Prime; _module_preset=\u00a0\u00bbdefault\u00a0\u00bb background_enable_color=\u00a0\u00bboff\u00a0\u00bb global_colors_info=\u00a0\u00bb{}\u00a0\u00bb][et_pb_row custom_padding_last_edited=\u00a0\u00bboff|phone\u00a0\u00bb _builder_version=\u00a0\u00bb4.16&Prime; _module_preset=\u00a0\u00bbdefault\u00a0\u00bb background_color=\u00a0\u00bb#ffffff\u00a0\u00bb border_radii=\u00a0\u00bbon|3px|3px|3px|3px\u00a0\u00bb global_colors_info=\u00a0\u00bb{}\u00a0\u00bb][et_pb_column type=\u00a0\u00bb4_4&Prime; _builder_version=\u00a0\u00bb4.16&Prime; _module_preset=\u00a0\u00bbdefault\u00a0\u00bb global_colors_info=\u00a0\u00bb{}\u00a0\u00bb][et_pb_blog posts_number=\u00a0\u00bb8&Prime; use_manual_excerpt=\u00a0\u00bboff\u00a0\u00bb show_more=\u00a0\u00bbon\u00a0\u00bb module_class=\u00a0\u00bbdd-blog-07&Prime; _builder_version=\u00a0\u00bb4.22.2&Prime; _module_preset=\u00a0\u00bbdefault\u00a0\u00bb header_font=\u00a0\u00bbAsap Condensed|700|||||||\u00a0\u00bb header_text_color=\u00a0\u00bb#0C8EC0&Prime; header_font_size=\u00a0\u00bb32px\u00a0\u00bb header_line_height=\u00a0\u00bb1.4em\u00a0\u00bb body_font=\u00a0\u00bbOpen Sans||||||||\u00a0\u00bb body_text_color=\u00a0\u00bb#000000&Prime; body_font_size=\u00a0\u00bb15px\u00a0\u00bb body_line_height=\u00a0\u00bb1.6em\u00a0\u00bb meta_font=\u00a0\u00bbAsap Condensed|||on|||||\u00a0\u00bb meta_font_size=\u00a0\u00bb16px\u00a0\u00bb read_more_font=\u00a0\u00bbLato||||||||\u00a0\u00bb read_more_text_color=\u00a0\u00bb#0C8EC0&Prime; pagination_font=\u00a0\u00bbMontserrat|700|||||||\u00a0\u00bb pagination_text_color=\u00a0\u00bb#9b5847&Prime; pagination_font_size=\u00a0\u00bb16px\u00a0\u00bb header_font_size_tablet=\u00a0\u00bb\u00a0\u00bb header_font_size_phone=\u00a0\u00bb24px\u00a0\u00bb header_font_size_last_edited=\u00a0\u00bbon|phone\u00a0\u00bb body_font_size_tablet=\u00a0\u00bb\u00a0\u00bb body_font_size_phone=\u00a0\u00bb14px\u00a0\u00bb body_font_size_last_edited=\u00a0\u00bbon|phone\u00a0\u00bb meta_font_size_tablet=\u00a0\u00bb\u00a0\u00bb meta_font_size_phone=\u00a0\u00bb14px\u00a0\u00bb meta_font_size_last_edited=\u00a0\u00bbon|phone\u00a0\u00bb pagination_font_size_tablet=\u00a0\u00bb\u00a0\u00bb pagination_font_size_phone=\u00a0\u00bb14px\u00a0\u00bb pagination_font_size_last_edited=\u00a0\u00bbon|phone\u00a0\u00bb global_colors_info=\u00a0\u00bb{}\u00a0\u00bb][\/et_pb_blog][et_pb_code _builder_version=\u00a0\u00bb4.16&Prime; _module_preset=\u00a0\u00bbdefault\u00a0\u00bb global_colors_info=\u00a0\u00bb{}\u00a0\u00bb]<style><!-- [et_pb_line_break_holder] --><!-- [et_pb_line_break_holder] -->  .dd-blog-07 .et_pb_post a.entry-featured-image-url img {<!-- [et_pb_line_break_holder] -->    float: left;<!-- [et_pb_line_break_holder] -->    margin-right: 32px;<!-- [et_pb_line_break_holder] -->    width: 264px;<!-- [et_pb_line_break_holder] -->    height: 264px;<!-- [et_pb_line_break_holder] -->    object-fit: cover;<!-- [et_pb_line_break_holder] -->  }<!-- [et_pb_line_break_holder] -->  <!-- [et_pb_line_break_holder] -->  .dd-blog-07 .et_pb_post {<!-- [et_pb_line_break_holder] -->    padding: 32px;<!-- [et_pb_line_break_holder] -->    background: #f2f2f2; \/* Background-color of blog posts *\/<!-- [et_pb_line_break_holder] -->  }<!-- [et_pb_line_break_holder] -->  <!-- [et_pb_line_break_holder] -->  .dd-blog-07 .et_pb_post .post-content a.more-link {<!-- [et_pb_line_break_holder] -->    position: absolute;<!-- [et_pb_line_break_holder] -->    right: 12px;<!-- [et_pb_line_break_holder] -->    bottom: 12px;<!-- [et_pb_line_break_holder] -->    text-transform: capitalize;<!-- [et_pb_line_break_holder] -->  }<!-- [et_pb_line_break_holder] -->  <!-- [et_pb_line_break_holder] -->  .dd-blog-07 .et_pb_post .post-content-inner p {<!-- [et_pb_line_break_holder] -->    margin-bottom: 24px;<!-- [et_pb_line_break_holder] -->  }<!-- [et_pb_line_break_holder] --><!-- [et_pb_line_break_holder] -->  @media (max-width: 980px) {<!-- [et_pb_line_break_holder] -->    .dd-blog-07 .et_pb_post a.entry-featured-image-url img {<!-- [et_pb_line_break_holder] -->      float: inherit;<!-- [et_pb_line_break_holder] -->      margin: 0;<!-- [et_pb_line_break_holder] -->      width: 100% !important;<!-- [et_pb_line_break_holder] -->    }<!-- [et_pb_line_break_holder] -->    <!-- [et_pb_line_break_holder] -->    .dd-blog-07 .et_pb_post {<!-- [et_pb_line_break_holder] -->      padding: 24px !important;<!-- [et_pb_line_break_holder] -->    }<!-- [et_pb_line_break_holder] -->  }<!-- [et_pb_line_break_holder] -->  <!-- [et_pb_line_break_holder] --><\/style>[\/et_pb_code][\/et_pb_column][\/et_pb_row][\/et_pb_section][et_pb_section fb_built=\u00a0\u00bb1&Prime; module_id=\u00a0\u00bbdd-newsletter\u00a0\u00bb _builder_version=\u00a0\u00bb4.22.2&Prime; _module_preset=\u00a0\u00bbdefault\u00a0\u00bb background_color=\u00a0\u00bb#0C8EC0&Prime; use_background_color_gradient=\u00a0\u00bbon\u00a0\u00bb background_color_gradient_stops=\u00a0\u00bbrgba(0,0,0,0.91) 0%|rgba(0,0,0,0.08) 100%\u00a0\u00bb background_color_gradient_overlays_image=\u00a0\u00bbon\u00a0\u00bb background_image=\u00a0\u00bbhttps:\/\/www.tauxhypotheques.com\/wp-content\/uploads\/2024\/03\/Untitled-design-2024-03-30T172427.052.jpg\u00a0\u00bb top_divider_height=\u00a0\u00bb72px\u00a0\u00bb global_module=\u00a0\u00bb307406&Prime; saved_tabs=\u00a0\u00bball\u00a0\u00bb global_colors_info=\u00a0\u00bb{}\u00a0\u00bb][et_pb_row _builder_version=\u00a0\u00bb4.16&Prime; _module_preset=\u00a0\u00bbdefault\u00a0\u00bb global_colors_info=\u00a0\u00bb{}\u00a0\u00bb][et_pb_column type=\u00a0\u00bb4_4&Prime; _builder_version=\u00a0\u00bb4.16&Prime; _module_preset=\u00a0\u00bbdefault\u00a0\u00bb global_colors_info=\u00a0\u00bb{}\u00a0\u00bb][et_pb_signup layout=\u00a0\u00bbtop_bottom\u00a0\u00bb name_field=\u00a0\u00bbon\u00a0\u00bb name_fullwidth=\u00a0\u00bboff\u00a0\u00bb email_fullwidth=\u00a0\u00bboff\u00a0\u00bb title=\u00a0\u00bbinfolettre\u00a0\u00bb button_text=\u00a0\u00bbM&rsquo;abonner\u00a0\u00bb description=\u00a0\u00bb<\/p>\n<p>Abonnez-vous \u00e0 notre info<span style=%22color: #ffffff;%22>lettre<\/span> pour recevoir les derni\u00e8res nouvelles de nos experts pour \u00e9conomiser lors de votre prochaine transaction hypoth\u00e9caire.<\/p>\n<p>\u00a0\u00bb name_fullwidth_tablet=\u00a0\u00bbon\u00a0\u00bb name_fullwidth_phone=\u00a0\u00bbon\u00a0\u00bb name_fullwidth_last_edited=\u00a0\u00bbon|phone\u00a0\u00bb email_fullwidth_tablet=\u00a0\u00bbon\u00a0\u00bb email_fullwidth_phone=\u00a0\u00bbon\u00a0\u00bb email_fullwidth_last_edited=\u00a0\u00bbon|phone\u00a0\u00bb _builder_version=\u00a0\u00bb4.22.2&Prime; _module_preset=\u00a0\u00bbdefault\u00a0\u00bb header_font=\u00a0\u00bbAsap|800||on|||||\u00a0\u00bb header_text_align=\u00a0\u00bbcenter\u00a0\u00bb header_text_color=\u00a0\u00bb#FFFFFF\u00a0\u00bb header_font_size=\u00a0\u00bb48px\u00a0\u00bb body_font=\u00a0\u00bbOpen Sans||||||||\u00a0\u00bb body_text_color=\u00a0\u00bb#FFFFFF\u00a0\u00bb body_font_size=\u00a0\u00bb16px\u00a0\u00bb body_letter_spacing=\u00a0\u00bb0.3px\u00a0\u00bb body_line_height=\u00a0\u00bb1.6em\u00a0\u00bb form_field_font=\u00a0\u00bbMontserrat||||||||\u00a0\u00bb background_enable_color=\u00a0\u00bboff\u00a0\u00bb custom_button=\u00a0\u00bbon\u00a0\u00bb button_text_color=\u00a0\u00bb#FFFFFF\u00a0\u00bb button_bg_color=\u00a0\u00bb#0C8EC0&Prime; button_border_width=\u00a0\u00bb0px\u00a0\u00bb button_font=\u00a0\u00bbAsap Condensed|700|||||||\u00a0\u00bb button_icon=\u00a0\u00bb&#x45;||divi||400&Prime; text_orientation=\u00a0\u00bbcenter\u00a0\u00bb width=\u00a0\u00bb60%\u00a0\u00bb width_tablet=\u00a0\u00bb\u00a0\u00bb width_phone=\u00a0\u00bb100%\u00a0\u00bb width_last_edited=\u00a0\u00bbon|phone\u00a0\u00bb module_alignment=\u00a0\u00bbcenter\u00a0\u00bb header_font_size_tablet=\u00a0\u00bb\u00a0\u00bb header_font_size_phone=\u00a0\u00bb32px\u00a0\u00bb header_font_size_last_edited=\u00a0\u00bbon|phone\u00a0\u00bb body_font_size_tablet=\u00a0\u00bb\u00a0\u00bb body_font_size_phone=\u00a0\u00bb14px\u00a0\u00bb body_font_size_last_edited=\u00a0\u00bbon|phone\u00a0\u00bb global_colors_info=\u00a0\u00bb{}\u00a0\u00bb][\/et_pb_signup][\/et_pb_column][\/et_pb_row][\/et_pb_section]\n","protected":false},"excerpt":{"rendered":"<p>Retrouvez des contenus r\u00e9dig\u00e9s par des courtiers hypoth\u00e9caires expert qui vous aident \u00e0 voir clair dans la s\u00e9lection de votre pr\u00eat hypoth\u00e9caires. Nous traiterons de tous les sujets qui s&rsquo;y rattachent comme : DONNER DES EXEMPLES. Vous \u00eates un acheteur agu\u00e9rri et ne souhaitez rien manquer?<\/p>\n","protected":false},"author":1,"featured_media":0,"parent":0,"menu_order":0,"comment_status":"closed","ping_status":"closed","template":"","meta":{"_et_pb_use_builder":"on","_et_pb_old_content":"","_et_gb_content_width":"","footnotes":""},"yoast_head":"<!-- This site is optimized with the Yoast SEO plugin v22.6 - https:\/\/yoast.com\/wordpress\/plugins\/seo\/ -->\r\n<title>Blogue - Les Architectes hypoth\u00e9caires<\/title>\r\n<meta name=\"description\" content=\"Retrouvez des contenus r\u00e9dig\u00e9s par des courtiers hypoth\u00e9caires expert qui vous aident \u00e0 voir clair dans la s\u00e9lection de votre pr\u00eat hypoth\u00e9caire.\" \/>\r\n<meta name=\"robots\" content=\"index, follow, max-snippet:-1, max-image-preview:large, max-video-preview:-1\" \/>\r\n<link rel=\"canonical\" href=\"https:\/\/www.tauxhypotheques.com\/index.php\/blogue\/\" \/>\r\n<meta property=\"og:locale\" content=\"fr_FR\" \/>\r\n<meta property=\"og:type\" content=\"article\" \/>\r\n<meta property=\"og:title\" content=\"Blogue - Les Architectes hypoth\u00e9caires\" \/>\r\n<meta property=\"og:description\" content=\"Retrouvez des contenus r\u00e9dig\u00e9s par des courtiers hypoth\u00e9caires expert qui vous aident \u00e0 voir clair dans la s\u00e9lection de votre pr\u00eat hypoth\u00e9caire.\" \/>\r\n<meta property=\"og:url\" content=\"https:\/\/www.tauxhypotheques.com\/index.php\/blogue\/\" \/>\r\n<meta property=\"og:site_name\" content=\"Les Architectes hypoth\u00e9caires\" \/>\r\n<meta property=\"article:modified_time\" content=\"2026-04-15T14:22:16+00:00\" \/>\r\n<meta name=\"twitter:card\" content=\"summary_large_image\" \/>\r\n<meta name=\"twitter:label1\" content=\"Dur\u00e9e de lecture estim\u00e9e\" \/>\n\t<meta name=\"twitter:data1\" content=\"4 minutes\" \/>\r\n<script type=\"application\/ld+json\" class=\"yoast-schema-graph\">{\"@context\":\"https:\/\/schema.org\",\"@graph\":[{\"@type\":\"WebPage\",\"@id\":\"https:\/\/www.tauxhypotheques.com\/index.php\/blogue\/\",\"url\":\"https:\/\/www.tauxhypotheques.com\/index.php\/blogue\/\",\"name\":\"Blogue - Les Architectes hypoth\u00e9caires\",\"isPartOf\":{\"@id\":\"https:\/\/www.tauxhypotheques.com\/#website\"},\"datePublished\":\"2024-03-30T21:26:34+00:00\",\"dateModified\":\"2026-04-15T14:22:16+00:00\",\"description\":\"Retrouvez des contenus r\u00e9dig\u00e9s par des courtiers hypoth\u00e9caires expert qui vous aident \u00e0 voir clair dans la s\u00e9lection de votre pr\u00eat hypoth\u00e9caire.\",\"breadcrumb\":{\"@id\":\"https:\/\/www.tauxhypotheques.com\/index.php\/blogue\/#breadcrumb\"},\"inLanguage\":\"fr-FR\",\"potentialAction\":[{\"@type\":\"ReadAction\",\"target\":[\"https:\/\/www.tauxhypotheques.com\/index.php\/blogue\/\"]}]},{\"@type\":\"BreadcrumbList\",\"@id\":\"https:\/\/www.tauxhypotheques.com\/index.php\/blogue\/#breadcrumb\",\"itemListElement\":[{\"@type\":\"ListItem\",\"position\":1,\"name\":\"Accueil\",\"item\":\"https:\/\/www.tauxhypotheques.com\/\"},{\"@type\":\"ListItem\",\"position\":2,\"name\":\"Blogue\"}]},{\"@type\":\"WebSite\",\"@id\":\"https:\/\/www.tauxhypotheques.com\/#website\",\"url\":\"https:\/\/www.tauxhypotheques.com\/\",\"name\":\"Les Architectes hypoth\u00e9caires\",\"description\":\"Courtier hypoth\u00e9caire\",\"potentialAction\":[{\"@type\":\"SearchAction\",\"target\":{\"@type\":\"EntryPoint\",\"urlTemplate\":\"https:\/\/www.tauxhypotheques.com\/?s={search_term_string}\"},\"query-input\":\"required name=search_term_string\"}],\"inLanguage\":\"fr-FR\"}]}<\/script>\r\n<!-- \/ Yoast SEO plugin. -->","yoast_head_json":{"title":"Blogue - Les Architectes hypoth\u00e9caires","description":"Retrouvez des contenus r\u00e9dig\u00e9s par des courtiers hypoth\u00e9caires expert qui vous aident \u00e0 voir clair dans la s\u00e9lection de votre pr\u00eat hypoth\u00e9caire.","robots":{"index":"index","follow":"follow","max-snippet":"max-snippet:-1","max-image-preview":"max-image-preview:large","max-video-preview":"max-video-preview:-1"},"canonical":"https:\/\/www.tauxhypotheques.com\/index.php\/blogue\/","og_locale":"fr_FR","og_type":"article","og_title":"Blogue - Les Architectes hypoth\u00e9caires","og_description":"Retrouvez des contenus r\u00e9dig\u00e9s par des courtiers hypoth\u00e9caires expert qui vous aident \u00e0 voir clair dans la s\u00e9lection de votre pr\u00eat hypoth\u00e9caire.","og_url":"https:\/\/www.tauxhypotheques.com\/index.php\/blogue\/","og_site_name":"Les Architectes hypoth\u00e9caires","article_modified_time":"2026-04-15T14:22:16+00:00","twitter_card":"summary_large_image","twitter_misc":{"Dur\u00e9e de lecture estim\u00e9e":"4 minutes"},"schema":{"@context":"https:\/\/schema.org","@graph":[{"@type":"WebPage","@id":"https:\/\/www.tauxhypotheques.com\/index.php\/blogue\/","url":"https:\/\/www.tauxhypotheques.com\/index.php\/blogue\/","name":"Blogue - Les Architectes hypoth\u00e9caires","isPartOf":{"@id":"https:\/\/www.tauxhypotheques.com\/#website"},"datePublished":"2024-03-30T21:26:34+00:00","dateModified":"2026-04-15T14:22:16+00:00","description":"Retrouvez des contenus r\u00e9dig\u00e9s par des courtiers hypoth\u00e9caires expert qui vous aident \u00e0 voir clair dans la s\u00e9lection de votre pr\u00eat hypoth\u00e9caire.","breadcrumb":{"@id":"https:\/\/www.tauxhypotheques.com\/index.php\/blogue\/#breadcrumb"},"inLanguage":"fr-FR","potentialAction":[{"@type":"ReadAction","target":["https:\/\/www.tauxhypotheques.com\/index.php\/blogue\/"]}]},{"@type":"BreadcrumbList","@id":"https:\/\/www.tauxhypotheques.com\/index.php\/blogue\/#breadcrumb","itemListElement":[{"@type":"ListItem","position":1,"name":"Accueil","item":"https:\/\/www.tauxhypotheques.com\/"},{"@type":"ListItem","position":2,"name":"Blogue"}]},{"@type":"WebSite","@id":"https:\/\/www.tauxhypotheques.com\/#website","url":"https:\/\/www.tauxhypotheques.com\/","name":"Les Architectes hypoth\u00e9caires","description":"Courtier hypoth\u00e9caire","potentialAction":[{"@type":"SearchAction","target":{"@type":"EntryPoint","urlTemplate":"https:\/\/www.tauxhypotheques.com\/?s={search_term_string}"},"query-input":"required name=search_term_string"}],"inLanguage":"fr-FR"}]}},"_links":{"self":[{"href":"https:\/\/www.tauxhypotheques.com\/index.php\/wp-json\/wp\/v2\/pages\/307294"}],"collection":[{"href":"https:\/\/www.tauxhypotheques.com\/index.php\/wp-json\/wp\/v2\/pages"}],"about":[{"href":"https:\/\/www.tauxhypotheques.com\/index.php\/wp-json\/wp\/v2\/types\/page"}],"author":[{"embeddable":true,"href":"https:\/\/www.tauxhypotheques.com\/index.php\/wp-json\/wp\/v2\/users\/1"}],"replies":[{"embeddable":true,"href":"https:\/\/www.tauxhypotheques.com\/index.php\/wp-json\/wp\/v2\/comments?post=307294"}],"version-history":[{"count":8,"href":"https:\/\/www.tauxhypotheques.com\/index.php\/wp-json\/wp\/v2\/pages\/307294\/revisions"}],"predecessor-version":[{"id":307596,"href":"https:\/\/www.tauxhypotheques.com\/index.php\/wp-json\/wp\/v2\/pages\/307294\/revisions\/307596"}],"wp:attachment":[{"href":"https:\/\/www.tauxhypotheques.com\/index.php\/wp-json\/wp\/v2\/media?parent=307294"}],"curies":[{"name":"wp","href":"https:\/\/api.w.org\/{rel}","templated":true}]}}