{"id":307076,"date":"2024-03-03T22:11:49","date_gmt":"2024-03-03T22:11:49","guid":{"rendered":"https:\/\/www.tauxhypotheques.com\/?page_id=307076"},"modified":"2026-04-15T14:46:52","modified_gmt":"2026-04-15T14:46:52","slug":"pourquoi-un-courtier","status":"publish","type":"page","link":"https:\/\/www.tauxhypotheques.com\/index.php\/pourquoi-un-courtier\/","title":{"rendered":"Pourquoi un courtier"},"content":{"rendered":"<p>[et_pb_section fb_built=\u00a0\u00bb1&Prime; next_background_color=\u00a0\u00bb#ffffff\u00a0\u00bb admin_label=\u00a0\u00bbHeader\u00a0\u00bb _builder_version=\u00a0\u00bb4.22.2&Prime; _module_preset=\u00a0\u00bbdefault\u00a0\u00bb background_color=\u00a0\u00bb#0C8EC0&Prime; use_background_color_gradient=\u00a0\u00bbon\u00a0\u00bb background_color_gradient_stops=\u00a0\u00bb#0c8ec0 0%|rgba(12,142,192,0.16) 93%\u00a0\u00bb background_color_gradient_overlays_image=\u00a0\u00bbon\u00a0\u00bb background_enable_image=\u00a0\u00bboff\u00a0\u00bb overflow-x=\u00a0\u00bbhidden\u00a0\u00bb overflow-y=\u00a0\u00bbhidden\u00a0\u00bb custom_padding=\u00a0\u00bb||56px||false|false\u00a0\u00bb bottom_divider_style=\u00a0\u00bbcurve\u00a0\u00bb bottom_divider_height=\u00a0\u00bb60px\u00a0\u00bb locked=\u00a0\u00bboff\u00a0\u00bb collapsed=\u00a0\u00bbon\u00a0\u00bb global_colors_info=\u00a0\u00bb{%22gcid-34807b40-f97e-428a-90f8-6d5ad2ecd8cd%22:%91%22background_color_gradient_stops%22,%22background_color_gradient_stops%22%93,%22gcid-46e54cc2-2550-449e-a151-e85c3a835795%22:%91%22background_color%22,%22background_color%22%93}\u00a0\u00bb][et_pb_row make_equal=\u00a0\u00bbon\u00a0\u00bb _builder_version=\u00a0\u00bb4.22.2&Prime; _module_preset=\u00a0\u00bbdefault\u00a0\u00bb global_colors_info=\u00a0\u00bb{}\u00a0\u00bb][et_pb_column type=\u00a0\u00bb4_4&Prime; _builder_version=\u00a0\u00bb4.22.0&Prime; _module_preset=\u00a0\u00bbdefault\u00a0\u00bb global_colors_info=\u00a0\u00bb{}\u00a0\u00bb][et_pb_text _builder_version=\u00a0\u00bb4.22.2&Prime; _module_preset=\u00a0\u00bb970d9954-5a42-4e98-b3e7-c173d889ba36&Prime; header_font=\u00a0\u00bbAsap|700|||||||\u00a0\u00bb header_text_align=\u00a0\u00bbcenter\u00a0\u00bb header_text_color=\u00a0\u00bb#FFFFFF\u00a0\u00bb header_font_size=\u00a0\u00bb75px\u00a0\u00bb custom_margin=\u00a0\u00bb||10px||false|false\u00a0\u00bb header_font_size_tablet=\u00a0\u00bb50px\u00a0\u00bb header_font_size_phone=\u00a0\u00bb40px\u00a0\u00bb header_font_size_last_edited=\u00a0\u00bbon|phone\u00a0\u00bb global_colors_info=\u00a0\u00bb{}\u00a0\u00bb]<\/p>\n<h1><span style=\"color: #000000;\">Pourquoi un <\/span>courtier?<\/h1>\n<p>[\/et_pb_text][et_pb_text _builder_version=\u00a0\u00bb4.22.2&Prime; _module_preset=\u00a0\u00bbdb0734bd-98ef-48d6-aa87-ad235ac2b6e2&Prime; text_font=\u00a0\u00bbOpen Sans||||||||\u00a0\u00bb text_text_color=\u00a0\u00bb#FFFFFF\u00a0\u00bb text_font_size=\u00a0\u00bb19px\u00a0\u00bb text_line_height=\u00a0\u00bb1.3em\u00a0\u00bb text_orientation=\u00a0\u00bbcenter\u00a0\u00bb text_font_size_tablet=\u00a0\u00bb16px\u00a0\u00bb text_font_size_phone=\u00a0\u00bb16px\u00a0\u00bb text_font_size_last_edited=\u00a0\u00bbon|tablet\u00a0\u00bb global_colors_info=\u00a0\u00bb{}\u00a0\u00bb]<\/p>\n<p>Vous comprenez probablement la pertinence du travail de courtier dans diff\u00e9rents domaines. Mais qu&rsquo;en est-il de votre taux hypoth\u00e9caire? Travailler avec un courtier hypoth\u00e9caire offrent de nombreux avantages auxquels vous n&rsquo;avez pas n\u00e9cessairement pens\u00e9!<\/p>\n<p>[\/et_pb_text][et_pb_button button_url=\u00a0\u00bb@ET-DC@eyJkeW5hbWljIjp0cnVlLCJjb250ZW50IjoicG9zdF9saW5rX3VybF9wYWdlIiwic2V0dGluZ3MiOnsicG9zdF9pZCI6IjMwNzQyNCJ9fQ==@\u00a0\u00bb button_text=\u00a0\u00bbnos services\u00a0\u00bb button_alignment=\u00a0\u00bbcenter\u00a0\u00bb _builder_version=\u00a0\u00bb4.25.1&Prime; _dynamic_attributes=\u00a0\u00bbbutton_url\u00a0\u00bb _module_preset=\u00a0\u00bbdefault\u00a0\u00bb custom_button=\u00a0\u00bbon\u00a0\u00bb button_text_color=\u00a0\u00bb#FFFFFF\u00a0\u00bb button_bg_color=\u00a0\u00bb#000000&Prime; button_border_width=\u00a0\u00bb0px\u00a0\u00bb button_font=\u00a0\u00bbOpen Sans|700||on|||||\u00a0\u00bb custom_margin=\u00a0\u00bb19px||17px|||\u00a0\u00bb button_text_size_tablet=\u00a0\u00bb\u00a0\u00bb button_text_size_phone=\u00a0\u00bb16px\u00a0\u00bb button_text_size_last_edited=\u00a0\u00bbon|phone\u00a0\u00bb locked=\u00a0\u00bboff\u00a0\u00bb global_colors_info=\u00a0\u00bb{}\u00a0\u00bb][\/et_pb_button][\/et_pb_column][\/et_pb_row][\/et_pb_section][et_pb_section fb_built=\u00a0\u00bb1&Prime; admin_label=\u00a0\u00bbCall to Action\u00a0\u00bb _builder_version=\u00a0\u00bb4.22.0&Prime; _module_preset=\u00a0\u00bbdefault\u00a0\u00bb saved_tabs=\u00a0\u00bball\u00a0\u00bb locked=\u00a0\u00bboff\u00a0\u00bb collapsed=\u00a0\u00bbon\u00a0\u00bb global_colors_info=\u00a0\u00bb{}\u00a0\u00bb][et_pb_row column_structure=\u00a0\u00bb1_2,1_2&Prime; _builder_version=\u00a0\u00bb4.22.2&Prime; _module_preset=\u00a0\u00bbdefault\u00a0\u00bb background_color=\u00a0\u00bbgcid-34807b40-f97e-428a-90f8-6d5ad2ecd8cd\u00a0\u00bb width_tablet=\u00a0\u00bb\u00a0\u00bb width_phone=\u00a0\u00bb95%\u00a0\u00bb width_last_edited=\u00a0\u00bbon|phone\u00a0\u00bb max_width=\u00a0\u00bb1500px\u00a0\u00bb max_width_tablet=\u00a0\u00bb1500px\u00a0\u00bb max_width_phone=\u00a0\u00bb1500px\u00a0\u00bb max_width_last_edited=\u00a0\u00bbon|phone\u00a0\u00bb custom_padding=\u00a0\u00bb30px|30px|30px|30px|true|true\u00a0\u00bb border_radii=\u00a0\u00bbon|20px|20px|20px|20px\u00a0\u00bb global_colors_info=\u00a0\u00bb{%22gcid-34807b40-f97e-428a-90f8-6d5ad2ecd8cd%22:%91%22background_color%22%93}\u00a0\u00bb][et_pb_column type=\u00a0\u00bb1_2&Prime; _builder_version=\u00a0\u00bb4.22.0&Prime; _module_preset=\u00a0\u00bbdefault\u00a0\u00bb overflow-x=\u00a0\u00bbhidden\u00a0\u00bb overflow-y=\u00a0\u00bbhidden\u00a0\u00bb global_colors_info=\u00a0\u00bb{}\u00a0\u00bb][et_pb_video src=\u00a0\u00bbhttps:\/\/www.tauxhypotheques.com\/wp-content\/uploads\/2024\/02\/3701f959-918f-4714-b3e6-8713f67650cd.mp4&Prime; image_src=\u00a0\u00bbhttps:\/\/www.tauxhypotheques.com\/wp-content\/uploads\/2024\/03\/Pourquoi-un-courtier-1.jpg\u00a0\u00bb play_icon_color=\u00a0\u00bbrgba(12,142,192,0.62)\u00a0\u00bb _builder_version=\u00a0\u00bb4.22.2&Prime; _module_preset=\u00a0\u00bbdefault\u00a0\u00bb border_radii=\u00a0\u00bbon|28px|28px|28px|28px\u00a0\u00bb global_colors_info=\u00a0\u00bb{}\u00a0\u00bb][\/et_pb_video][et_pb_image src=\u00a0\u00bbhttps:\/\/www.tauxhypotheques.com\/wp-content\/uploads\/2024\/03\/senior-care-12.png\u00a0\u00bb title_text=\u00a0\u00bbsenior-care-12&Prime; _builder_version=\u00a0\u00bb4.22.0&Prime; _module_preset=\u00a0\u00bbdefault\u00a0\u00bb transform_translate=\u00a0\u00bb20%|10%\u00a0\u00bb transform_translate_linked=\u00a0\u00bboff\u00a0\u00bb positioning=\u00a0\u00bbabsolute\u00a0\u00bb position_origin_a=\u00a0\u00bbbottom_right\u00a0\u00bb width=\u00a0\u00bb20%\u00a0\u00bb global_colors_info=\u00a0\u00bb{}\u00a0\u00bb][\/et_pb_image][\/et_pb_column][et_pb_column type=\u00a0\u00bb1_2&Prime; _builder_version=\u00a0\u00bb4.22.0&Prime; _module_preset=\u00a0\u00bbdefault\u00a0\u00bb custom_padding=\u00a0\u00bb60px||60px||true|false\u00a0\u00bb custom_padding_tablet=\u00a0\u00bb0px||0px||true|false\u00a0\u00bb custom_padding_phone=\u00a0\u00bb0px||0px||true|false\u00a0\u00bb custom_padding_last_edited=\u00a0\u00bbon|tablet\u00a0\u00bb global_colors_info=\u00a0\u00bb{}\u00a0\u00bb][et_pb_text _builder_version=\u00a0\u00bb4.22.2&Prime; _module_preset=\u00a0\u00bbdb0734bd-98ef-48d6-aa87-ad235ac2b6e2&Prime; text_font=\u00a0\u00bbOpen Sans||||||||\u00a0\u00bb text_text_color=\u00a0\u00bb#000000&Prime; text_font_size=\u00a0\u00bb16px\u00a0\u00bb global_colors_info=\u00a0\u00bb{}\u00a0\u00bb]<\/p>\n<p><strong style=\"color: #333333; font-size: 22px;\">Pourquoi utiliser un courtier hypoth\u00e9caire ?<\/strong><\/p>\n<div>\n<p><strong>Un courtier hypoth\u00e9caire vous accompagne \u00e0 travers l\u2019ensemble du processus de financement, en tenant compte de votre situation r\u00e9elle \u2014 pas seulement des crit\u00e8res standards des institutions.<\/strong><\/p>\n<p><strong>Que ce soit pour un financement alternatif, un refinancement, ou une situation de cr\u00e9dit plus complexe, le r\u00f4le du courtier est d\u2019analyser les options disponibles, de vous expliquer clairement les enjeux et de structurer une solution adapt\u00e9e \u00e0 votre r\u00e9alit\u00e9.<\/strong><\/p>\n<\/div>\n<p>&nbsp;<\/p>\n<p>[\/et_pb_text][et_pb_button button_url=\u00a0\u00bbhttps:\/\/calendly.com\/garneau-diane\/rendez-vous-telephonique\u00a0\u00bb url_new_window=\u00a0\u00bbon\u00a0\u00bb button_text=\u00a0\u00bbenvie de discuter?\u00a0\u00bb _builder_version=\u00a0\u00bb4.25.1&Prime; _module_preset=\u00a0\u00bbdefault\u00a0\u00bb custom_button=\u00a0\u00bbon\u00a0\u00bb button_text_color=\u00a0\u00bb#FFFFFF\u00a0\u00bb button_bg_color=\u00a0\u00bb#0C8EC0&Prime; button_border_width=\u00a0\u00bb0px\u00a0\u00bb button_font=\u00a0\u00bbOpen Sans|700||on|||||\u00a0\u00bb custom_margin=\u00a0\u00bb19px||17px|||\u00a0\u00bb button_text_size_tablet=\u00a0\u00bb\u00a0\u00bb button_text_size_phone=\u00a0\u00bb16px\u00a0\u00bb button_text_size_last_edited=\u00a0\u00bbon|phone\u00a0\u00bb locked=\u00a0\u00bboff\u00a0\u00bb global_colors_info=\u00a0\u00bb{}\u00a0\u00bb][\/et_pb_button][\/et_pb_column][\/et_pb_row][\/et_pb_section][et_pb_section fb_built=\u00a0\u00bb1&Prime; custom_padding_last_edited=\u00a0\u00bbon|tablet\u00a0\u00bb _builder_version=\u00a0\u00bb4.22.2&Prime; _module_preset=\u00a0\u00bbdefault\u00a0\u00bb use_background_color_gradient=\u00a0\u00bbon\u00a0\u00bb background_color_gradient_direction=\u00a0\u00bb164deg\u00a0\u00bb background_color_gradient_stops=\u00a0\u00bbrgba(0,0,0,0.91) 0%|rgba(0,0,0,0.08) 82%\u00a0\u00bb background_color_gradient_overlays_image=\u00a0\u00bbon\u00a0\u00bb background_image=\u00a0\u00bbhttps:\/\/www.tauxhypotheques.com\/wp-content\/uploads\/2024\/03\/Untitled-design-2024-03-24T163805.485.jpg\u00a0\u00bb custom_margin_tablet=\u00a0\u00bb\u00a0\u00bb custom_margin_phone=\u00a0\u00bb||0px||false|false\u00a0\u00bb custom_margin_last_edited=\u00a0\u00bbon|phone\u00a0\u00bb custom_padding=\u00a0\u00bb72px||72px||true|\u00a0\u00bb custom_padding_tablet=\u00a0\u00bb35px||0px||false|false\u00a0\u00bb custom_padding_phone=\u00a0\u00bb17px||20px||false|false\u00a0\u00bb global_colors_info=\u00a0\u00bb{}\u00a0\u00bb][et_pb_row column_structure=\u00a0\u00bb1_2,1_2&Prime; use_custom_gutter=\u00a0\u00bbon\u00a0\u00bb gutter_width=\u00a0\u00bb2&Prime; make_equal=\u00a0\u00bbon\u00a0\u00bb _builder_version=\u00a0\u00bb4.22.2&Prime; _module_preset=\u00a0\u00bbdefault\u00a0\u00bb max_width=\u00a0\u00bb1500px\u00a0\u00bb custom_margin=\u00a0\u00bb||0px||false|false\u00a0\u00bb custom_padding=\u00a0\u00bb||10px||false|false\u00a0\u00bb locked=\u00a0\u00bboff\u00a0\u00bb global_colors_info=\u00a0\u00bb{}\u00a0\u00bb][et_pb_column type=\u00a0\u00bb1_2&Prime; _builder_version=\u00a0\u00bb4.22.2&Prime; _module_preset=\u00a0\u00bbdefault\u00a0\u00bb background_enable_image=\u00a0\u00bboff\u00a0\u00bb global_colors_info=\u00a0\u00bb{}\u00a0\u00bb][et_pb_text _builder_version=\u00a0\u00bb4.22.2&Prime; _module_preset=\u00a0\u00bb932fbdc1-a471-4c2a-a146-8952fcabbb70&Prime; header_2_font=\u00a0\u00bbAsap|700|||||||\u00a0\u00bb header_2_text_color=\u00a0\u00bb#0C8EC0&Prime; header_2_font_size=\u00a0\u00bb50px\u00a0\u00bb custom_margin=\u00a0\u00bb18px||-5px||false|false\u00a0\u00bb header_2_font_size_tablet=\u00a0\u00bb36px\u00a0\u00bb header_2_font_size_phone=\u00a0\u00bb26px\u00a0\u00bb header_2_font_size_last_edited=\u00a0\u00bbon|tablet\u00a0\u00bb global_colors_info=\u00a0\u00bb{}\u00a0\u00bb]<\/p>\n<h2><span style=\"color: #ffffff;\">Vous voulez du <span style=\"color: #0c8ec0;\">choix?<\/span><\/span><\/h2>\n<p>[\/et_pb_text][et_pb_text module_class=\u00a0\u00bbpa-multi-line-highlight\u00a0\u00bb _builder_version=\u00a0\u00bb4.22.2&Prime; _module_preset=\u00a0\u00bbdefault\u00a0\u00bb text_font=\u00a0\u00bbAsap Condensed||||||||\u00a0\u00bb text_text_color=\u00a0\u00bb#FFFFFF\u00a0\u00bb text_font_size=\u00a0\u00bb34px\u00a0\u00bb header_2_font=\u00a0\u00bbAsap Condensed|||on|||||\u00a0\u00bb header_2_font_size=\u00a0\u00bb47px\u00a0\u00bb background_enable_color=\u00a0\u00bboff\u00a0\u00bb max_width=\u00a0\u00bb100%\u00a0\u00bb custom_margin=\u00a0\u00bb||13px|||\u00a0\u00bb custom_padding=\u00a0\u00bb0px|0px|0px|4px|true|false\u00a0\u00bb header_2_font_size_tablet=\u00a0\u00bb47px\u00a0\u00bb header_2_font_size_phone=\u00a0\u00bb28px\u00a0\u00bb header_2_font_size_last_edited=\u00a0\u00bbon|tablet\u00a0\u00bb global_colors_info=\u00a0\u00bb{}\u00a0\u00bb]<\/p>\n<h2>N&rsquo;allez pas \u00e0 la banque!<\/h2>\n<p>[\/et_pb_text][et_pb_text _builder_version=\u00a0\u00bb4.22.2&Prime; _module_preset=\u00a0\u00bb360d3288-b2b5-4b4f-a33c-ff1919f731fe\u00a0\u00bb text_font=\u00a0\u00bbOpen Sans|600|||||||\u00a0\u00bb text_text_color=\u00a0\u00bb#FFFFFF\u00a0\u00bb text_font_size=\u00a0\u00bb20px\u00a0\u00bb text_line_height=\u00a0\u00bb1.3em\u00a0\u00bb max_width=\u00a0\u00bb100%\u00a0\u00bb custom_margin=\u00a0\u00bb||-15px|||\u00a0\u00bb global_colors_info=\u00a0\u00bb{}\u00a0\u00bb]<\/p>\n<p>Travailler avec un courtier hypoth\u00e9caire offrent de nombreux avantages&#8230; auxquels vous n&rsquo;avez pas n\u00e9cessairement penser! Vous comprenez probablement la pertinence du travail de courtier dans diff\u00e9rents domaines. Mais qu&rsquo;en est-il de votre taux hypoth\u00e9caire? \u00c7a aussi \u00e7a se magasine!<\/p>\n<p><span style=\"color: #ffffff;\"><strong>Nous travaillons avec plusieurs pr\u00eateurs pour vous trouver le meilleur taux.<\/strong><\/span><\/p>\n<p>[\/et_pb_text][\/et_pb_column][et_pb_column type=\u00a0\u00bb1_2&Prime; _builder_version=\u00a0\u00bb4.22.2&Prime; _module_preset=\u00a0\u00bbdefault\u00a0\u00bb background_enable_image=\u00a0\u00bboff\u00a0\u00bb global_colors_info=\u00a0\u00bb{}\u00a0\u00bb][\/et_pb_column][\/et_pb_row][\/et_pb_section]<\/p>\n","protected":false},"excerpt":{"rendered":"<p>Pourquoi un courtier?Vous comprenez probablement la pertinence du travail de courtier dans diff\u00e9rents domaines. Mais qu&rsquo;en est-il de votre taux hypoth\u00e9caire? Travailler avec un courtier hypoth\u00e9caire offrent de nombreux avantages auxquels vous n&rsquo;avez pas n\u00e9cessairement pens\u00e9!Pourquoi utiliser un courtier hypoth\u00e9caire ? Un courtier hypoth\u00e9caire vous accompagne \u00e0 travers l\u2019ensemble du processus de financement, en tenant [&hellip;]<\/p>\n","protected":false},"author":1,"featured_media":0,"parent":0,"menu_order":0,"comment_status":"closed","ping_status":"closed","template":"","meta":{"_et_pb_use_builder":"on","_et_pb_old_content":"","_et_gb_content_width":"","footnotes":""},"yoast_head":"<!-- This site is optimized with the Yoast SEO plugin v22.6 - https:\/\/yoast.com\/wordpress\/plugins\/seo\/ -->\r\n<title>Pourquoi faire affaire avec un courtier hypoth\u00e9caire? - Les Architectes hypoth\u00e9caires<\/title>\r\n<meta name=\"description\" content=\"Travailler avec un courtier hypoth\u00e9caire offrent de nombreux avantages auxquels vous n\u2019avez pas n\u00e9cessairement pens\u00e9!\" \/>\r\n<meta name=\"robots\" content=\"index, follow, max-snippet:-1, max-image-preview:large, max-video-preview:-1\" \/>\r\n<link rel=\"canonical\" href=\"https:\/\/www.tauxhypotheques.com\/index.php\/pourquoi-un-courtier\/\" \/>\r\n<meta property=\"og:locale\" content=\"fr_FR\" \/>\r\n<meta property=\"og:type\" content=\"article\" \/>\r\n<meta property=\"og:title\" content=\"Pourquoi faire affaire avec un courtier hypoth\u00e9caire? - Les Architectes hypoth\u00e9caires\" \/>\r\n<meta property=\"og:description\" content=\"Travailler avec un courtier hypoth\u00e9caire offrent de nombreux avantages auxquels vous n\u2019avez pas n\u00e9cessairement pens\u00e9!\" \/>\r\n<meta property=\"og:url\" content=\"https:\/\/www.tauxhypotheques.com\/index.php\/pourquoi-un-courtier\/\" \/>\r\n<meta property=\"og:site_name\" content=\"Les Architectes hypoth\u00e9caires\" \/>\r\n<meta property=\"article:modified_time\" content=\"2026-04-15T14:46:52+00:00\" \/>\r\n<meta name=\"twitter:card\" content=\"summary_large_image\" \/>\r\n<meta name=\"twitter:label1\" content=\"Dur\u00e9e de lecture estim\u00e9e\" \/>\n\t<meta name=\"twitter:data1\" content=\"2 minutes\" \/>\r\n<script type=\"application\/ld+json\" class=\"yoast-schema-graph\">{\"@context\":\"https:\/\/schema.org\",\"@graph\":[{\"@type\":\"WebPage\",\"@id\":\"https:\/\/www.tauxhypotheques.com\/index.php\/pourquoi-un-courtier\/\",\"url\":\"https:\/\/www.tauxhypotheques.com\/index.php\/pourquoi-un-courtier\/\",\"name\":\"Pourquoi faire affaire avec un courtier hypoth\u00e9caire? - Les Architectes hypoth\u00e9caires\",\"isPartOf\":{\"@id\":\"https:\/\/www.tauxhypotheques.com\/#website\"},\"datePublished\":\"2024-03-03T22:11:49+00:00\",\"dateModified\":\"2026-04-15T14:46:52+00:00\",\"description\":\"Travailler avec un courtier hypoth\u00e9caire offrent de nombreux avantages auxquels vous n\u2019avez pas n\u00e9cessairement pens\u00e9!\",\"breadcrumb\":{\"@id\":\"https:\/\/www.tauxhypotheques.com\/index.php\/pourquoi-un-courtier\/#breadcrumb\"},\"inLanguage\":\"fr-FR\",\"potentialAction\":[{\"@type\":\"ReadAction\",\"target\":[\"https:\/\/www.tauxhypotheques.com\/index.php\/pourquoi-un-courtier\/\"]}]},{\"@type\":\"BreadcrumbList\",\"@id\":\"https:\/\/www.tauxhypotheques.com\/index.php\/pourquoi-un-courtier\/#breadcrumb\",\"itemListElement\":[{\"@type\":\"ListItem\",\"position\":1,\"name\":\"Accueil\",\"item\":\"https:\/\/www.tauxhypotheques.com\/\"},{\"@type\":\"ListItem\",\"position\":2,\"name\":\"Pourquoi un courtier\"}]},{\"@type\":\"WebSite\",\"@id\":\"https:\/\/www.tauxhypotheques.com\/#website\",\"url\":\"https:\/\/www.tauxhypotheques.com\/\",\"name\":\"Les Architectes hypoth\u00e9caires\",\"description\":\"Courtier hypoth\u00e9caire\",\"potentialAction\":[{\"@type\":\"SearchAction\",\"target\":{\"@type\":\"EntryPoint\",\"urlTemplate\":\"https:\/\/www.tauxhypotheques.com\/?s={search_term_string}\"},\"query-input\":\"required name=search_term_string\"}],\"inLanguage\":\"fr-FR\"}]}<\/script>\r\n<!-- \/ Yoast SEO plugin. -->","yoast_head_json":{"title":"Pourquoi faire affaire avec un courtier hypoth\u00e9caire? - Les Architectes hypoth\u00e9caires","description":"Travailler avec un courtier hypoth\u00e9caire offrent de nombreux avantages auxquels vous n\u2019avez pas n\u00e9cessairement pens\u00e9!","robots":{"index":"index","follow":"follow","max-snippet":"max-snippet:-1","max-image-preview":"max-image-preview:large","max-video-preview":"max-video-preview:-1"},"canonical":"https:\/\/www.tauxhypotheques.com\/index.php\/pourquoi-un-courtier\/","og_locale":"fr_FR","og_type":"article","og_title":"Pourquoi faire affaire avec un courtier hypoth\u00e9caire? - Les Architectes hypoth\u00e9caires","og_description":"Travailler avec un courtier hypoth\u00e9caire offrent de nombreux avantages auxquels vous n\u2019avez pas n\u00e9cessairement pens\u00e9!","og_url":"https:\/\/www.tauxhypotheques.com\/index.php\/pourquoi-un-courtier\/","og_site_name":"Les Architectes hypoth\u00e9caires","article_modified_time":"2026-04-15T14:46:52+00:00","twitter_card":"summary_large_image","twitter_misc":{"Dur\u00e9e de lecture estim\u00e9e":"2 minutes"},"schema":{"@context":"https:\/\/schema.org","@graph":[{"@type":"WebPage","@id":"https:\/\/www.tauxhypotheques.com\/index.php\/pourquoi-un-courtier\/","url":"https:\/\/www.tauxhypotheques.com\/index.php\/pourquoi-un-courtier\/","name":"Pourquoi faire affaire avec un courtier hypoth\u00e9caire? - Les Architectes hypoth\u00e9caires","isPartOf":{"@id":"https:\/\/www.tauxhypotheques.com\/#website"},"datePublished":"2024-03-03T22:11:49+00:00","dateModified":"2026-04-15T14:46:52+00:00","description":"Travailler avec un courtier hypoth\u00e9caire offrent de nombreux avantages auxquels vous n\u2019avez pas n\u00e9cessairement pens\u00e9!","breadcrumb":{"@id":"https:\/\/www.tauxhypotheques.com\/index.php\/pourquoi-un-courtier\/#breadcrumb"},"inLanguage":"fr-FR","potentialAction":[{"@type":"ReadAction","target":["https:\/\/www.tauxhypotheques.com\/index.php\/pourquoi-un-courtier\/"]}]},{"@type":"BreadcrumbList","@id":"https:\/\/www.tauxhypotheques.com\/index.php\/pourquoi-un-courtier\/#breadcrumb","itemListElement":[{"@type":"ListItem","position":1,"name":"Accueil","item":"https:\/\/www.tauxhypotheques.com\/"},{"@type":"ListItem","position":2,"name":"Pourquoi un courtier"}]},{"@type":"WebSite","@id":"https:\/\/www.tauxhypotheques.com\/#website","url":"https:\/\/www.tauxhypotheques.com\/","name":"Les Architectes hypoth\u00e9caires","description":"Courtier hypoth\u00e9caire","potentialAction":[{"@type":"SearchAction","target":{"@type":"EntryPoint","urlTemplate":"https:\/\/www.tauxhypotheques.com\/?s={search_term_string}"},"query-input":"required name=search_term_string"}],"inLanguage":"fr-FR"}]}},"_links":{"self":[{"href":"https:\/\/www.tauxhypotheques.com\/index.php\/wp-json\/wp\/v2\/pages\/307076"}],"collection":[{"href":"https:\/\/www.tauxhypotheques.com\/index.php\/wp-json\/wp\/v2\/pages"}],"about":[{"href":"https:\/\/www.tauxhypotheques.com\/index.php\/wp-json\/wp\/v2\/types\/page"}],"author":[{"embeddable":true,"href":"https:\/\/www.tauxhypotheques.com\/index.php\/wp-json\/wp\/v2\/users\/1"}],"replies":[{"embeddable":true,"href":"https:\/\/www.tauxhypotheques.com\/index.php\/wp-json\/wp\/v2\/comments?post=307076"}],"version-history":[{"count":24,"href":"https:\/\/www.tauxhypotheques.com\/index.php\/wp-json\/wp\/v2\/pages\/307076\/revisions"}],"predecessor-version":[{"id":307704,"href":"https:\/\/www.tauxhypotheques.com\/index.php\/wp-json\/wp\/v2\/pages\/307076\/revisions\/307704"}],"wp:attachment":[{"href":"https:\/\/www.tauxhypotheques.com\/index.php\/wp-json\/wp\/v2\/media?parent=307076"}],"curies":[{"name":"wp","href":"https:\/\/api.w.org\/{rel}","templated":true}]}}